{"id":43,"date":"2018-05-27T11:55:46","date_gmt":"2018-05-27T11:55:46","guid":{"rendered":"https:\/\/www.xn--bienhsli-3za5va.ch\/?page_id=43"},"modified":"2023-07-09T18:04:14","modified_gmt":"2023-07-09T18:04:14","slug":"ueber-uns","status":"publish","type":"page","link":"https:\/\/www.xn--bienhsli-3za5va.ch\/?page_id=43","title":{"rendered":"\u00dcber uns"},"content":{"rendered":"<p><div id=\"metaslider-id-79\" style=\"max-width: 350px; margin: 0 auto;\" class=\"ml-slider-3-101-0 metaslider metaslider-flex metaslider-79 ml-slider ms-theme-default nav-hidden\" role=\"region\" aria-label=\"New Slideshow\" data-height=\"450\" data-width=\"350\">\n    <div id=\"metaslider_container_79\">\n        <div id=\"metaslider_79\" class=\"flexslider\">\n            <ul class='slides'>\n                <li style=\"display: block; width: 100%;\" class=\"slide-103 ms-image \" aria-roledescription=\"slide\" data-date=\"2018-05-30 20:18:36\"><img loading=\"lazy\" decoding=\"async\" src=\"https:\/\/www.xn--bienhsli-3za5va.ch\/wp-content\/uploads\/uu4-350x450.jpg\" height=\"450\" width=\"350\" alt=\"\" class=\"slider-79 slide-103 msDefaultImage\" title=\"Vorbereitung auf den Transport\" \/><div class=\"caption-wrap\"><div class=\"caption\">Vorbereitung auf den Transport<\/div><\/div><\/li>\n                <li style=\"display: none; width: 100%;\" class=\"slide-101 ms-image \" aria-roledescription=\"slide\" data-date=\"2018-05-30 20:18:36\"><img loading=\"lazy\" decoding=\"async\" src=\"https:\/\/www.xn--bienhsli-3za5va.ch\/wp-content\/uploads\/uu6-e1529353717269-350x450.jpg\" height=\"450\" width=\"350\" alt=\"\" class=\"slider-79 slide-101 msDefaultImage\" title=\"Das Haus kommt!\" \/><div class=\"caption-wrap\"><div class=\"caption\">Das Haus kommt!<\/div><\/div><\/li>\n                <li style=\"display: none; width: 100%;\" class=\"slide-97 ms-image \" aria-roledescription=\"slide\" data-date=\"2018-05-30 20:18:35\"><img loading=\"lazy\" decoding=\"async\" src=\"https:\/\/www.xn--bienhsli-3za5va.ch\/wp-content\/uploads\/uu10-350x450.jpg\" height=\"450\" width=\"350\" alt=\"\" class=\"slider-79 slide-97 msDefaultImage\" title=\"Das Fundament\" \/><div class=\"caption-wrap\"><div class=\"caption\">Das Fundament<\/div><\/div><\/li>\n                <li style=\"display: none; width: 100%;\" class=\"slide-98 ms-image \" aria-roledescription=\"slide\" data-date=\"2018-05-30 20:18:35\"><img loading=\"lazy\" decoding=\"async\" src=\"https:\/\/www.xn--bienhsli-3za5va.ch\/wp-content\/uploads\/uu9-e1529348643739-350x450.jpg\" height=\"450\" width=\"350\" alt=\"\" class=\"slider-79 slide-98 msDefaultImage\" title=\"Spatenstich\" \/><div class=\"caption-wrap\"><div class=\"caption\">Spatenstich<\/div><\/div><\/li>\n                <li style=\"display: none; width: 100%;\" class=\"slide-104 ms-image \" aria-roledescription=\"slide\" data-date=\"2018-05-30 20:18:36\"><img loading=\"lazy\" decoding=\"async\" src=\"https:\/\/www.xn--bienhsli-3za5va.ch\/wp-content\/uploads\/uu3-350x450.jpg\" height=\"450\" width=\"350\" alt=\"\" class=\"slider-79 slide-104 msDefaultImage\" title=\"Vorbereitung des Baugrundes\" \/><div class=\"caption-wrap\"><div class=\"caption\">Vorbereitung des Baugrundes<\/div><\/div><\/li>\n                <li style=\"display: none; width: 100%;\" class=\"slide-96 ms-image \" aria-roledescription=\"slide\" data-date=\"2018-05-30 20:18:35\"><img loading=\"lazy\" decoding=\"async\" src=\"https:\/\/www.xn--bienhsli-3za5va.ch\/wp-content\/uploads\/uu11-e1527711458211-350x450.jpg\" height=\"450\" width=\"350\" alt=\"\" class=\"slider-79 slide-96 msDefaultImage\" title=\"Verdienter Zn\u00fcni\" \/><div class=\"caption-wrap\"><div class=\"caption\">Verdienter Zn\u00fcni<\/div><\/div><\/li>\n                <li style=\"display: none; width: 100%;\" class=\"slide-100 ms-image \" aria-roledescription=\"slide\" data-date=\"2018-05-30 20:18:36\"><img loading=\"lazy\" decoding=\"async\" src=\"https:\/\/www.xn--bienhsli-3za5va.ch\/wp-content\/uploads\/uu7-350x450.jpg\" height=\"450\" width=\"350\" alt=\"\" class=\"slider-79 slide-100 msDefaultImage\" title=\"Das Haus kommt!\" \/><div class=\"caption-wrap\"><div class=\"caption\">Das Haus kommt!<\/div><\/div><\/li>\n                <li style=\"display: none; width: 100%;\" class=\"slide-102 ms-image \" aria-roledescription=\"slide\" data-date=\"2018-05-30 20:18:36\"><img loading=\"lazy\" decoding=\"async\" src=\"https:\/\/www.xn--bienhsli-3za5va.ch\/wp-content\/uploads\/uu5-e1527711498663-350x450.jpg\" height=\"450\" width=\"350\" alt=\"\" class=\"slider-79 slide-102 msDefaultImage\" title=\"Auflad am alten Standort\" \/><div class=\"caption-wrap\"><div class=\"caption\">Auflad am alten Standort<\/div><\/div><\/li>\n                <li style=\"display: none; width: 100%;\" class=\"slide-105 ms-image \" aria-roledescription=\"slide\" data-date=\"2018-05-30 20:18:36\"><img loading=\"lazy\" decoding=\"async\" src=\"https:\/\/www.xn--bienhsli-3za5va.ch\/wp-content\/uploads\/uu2-1-350x450.jpg\" height=\"450\" width=\"350\" alt=\"\" class=\"slider-79 slide-105 msDefaultImage\" title=\"Unser Haus\" \/><div class=\"caption-wrap\"><div class=\"caption\">Unser Haus<\/div><\/div><\/li>\n            <\/ul>\n        <\/div>\n        \n    <\/div>\n<\/div><br \/>\n<a href=\"https:\/\/www.xn--bienhsli-3za5va.ch\/wp-content\/uploads\/IMG_3803-768x512.jpg\"><img loading=\"lazy\" decoding=\"async\" class=\"left\" src=\"https:\/\/www.xn--bienhsli-3za5va.ch\/wp-content\/uploads\/IMG_3803-360x242.jpg\" alt=\"\" width=\"360\" height=\"242\" align=\"right\" \/><\/a><\/p>\n<p style=\"text-align: left;\">Durch unser Umfeld, Katja als Kind bei Ihrem Grossvater und Bruno bei seinem G\u00f6tti, lernten wir die Bienen sowie ihre faszinierenden T\u00e4tigkeiten kennen. Wir beschlossen Mitte 2017 uns zuk\u00fcnftig diesem Hobby zu widmen. Also musste nat\u00fcrlich zuerst ein passendes Bienenhaus gefunden werden, welches wir im Herbst 2017 in die Steig in Humlikon z\u00fcgelten.<\/p>\n<p style=\"text-align: left;\">Anschliessend renovierten wir das Bienenhaus aussen und richteten es zweckm\u00e4ssig ein. Katja begann im Januar 2018 den Imkerkurs, der zwei Jahre dauerte. Von einem befreundeten Imker \u00fcbernahmen wir zu Beginn 3 Carnica-V\u00f6lker, welche sich gleich pr\u00e4chtig entwickelten. Ab diesem Zeitpunkt vermehrten sich die V\u00f6lker jedes Jahr. Aktuell halten wir konstant ca. 10 V\u00f6lker.<\/p>\n<p style=\"text-align: left;\">Auf diesem Weg bedanken wir uns bei Ruedi Urfer, unserem Bieneng\u00f6tti f\u00fcr die tatkr\u00e4ftige Unterst\u00fctzung, sowie Niels Michel f\u00fcr unsere ersten fleissigen Bienen.<\/p>\n<p style=\"text-align: left;\">Ein herzliches Dankesch\u00f6n gilt unseren Eltern f\u00fcr die Unterst\u00fctzung beim Z\u00fcgeln und beim Umbau.<\/p>\n","protected":false},"excerpt":{"rendered":"<p>Durch unser Umfeld, Katja als Kind bei Ihrem Grossvater und Bruno bei seinem G\u00f6tti, lernten wir die Bienen sowie ihre faszinierenden T\u00e4tigkeiten kennen. Wir beschlossen Mitte 2017 uns zuk\u00fcnftig diesem Hobby zu widmen. Also musste nat\u00fcrlich zuerst ein passendes Bienenhaus gefunden werden, welches wir im Herbst 2017 in die Steig in Humlikon z\u00fcgelten. Anschliessend renovierten&hellip; <a href=\"https:\/\/www.xn--bienhsli-3za5va.ch\/?page_id=43\" class=\"more-link\">Weiterlesen <span class=\"screen-reader-text\">\u00dcber uns<\/span><\/a><\/p>\n","protected":false},"author":1,"featured_media":0,"parent":0,"menu_order":0,"comment_status":"closed","ping_status":"closed","template":"templates\/full-width-page.php","meta":{"footnotes":""},"class_list":["post-43","page","type-page","status-publish","hentry","without-featured-image"],"_links":{"self":[{"href":"https:\/\/www.xn--bienhsli-3za5va.ch\/index.php?rest_route=\/wp\/v2\/pages\/43","targetHints":{"allow":["GET"]}}],"collection":[{"href":"https:\/\/www.xn--bienhsli-3za5va.ch\/index.php?rest_route=\/wp\/v2\/pages"}],"about":[{"href":"https:\/\/www.xn--bienhsli-3za5va.ch\/index.php?rest_route=\/wp\/v2\/types\/page"}],"author":[{"embeddable":true,"href":"https:\/\/www.xn--bienhsli-3za5va.ch\/index.php?rest_route=\/wp\/v2\/users\/1"}],"replies":[{"embeddable":true,"href":"https:\/\/www.xn--bienhsli-3za5va.ch\/index.php?rest_route=%2Fwp%2Fv2%2Fcomments&post=43"}],"version-history":[{"count":33,"href":"https:\/\/www.xn--bienhsli-3za5va.ch\/index.php?rest_route=\/wp\/v2\/pages\/43\/revisions"}],"predecessor-version":[{"id":325,"href":"https:\/\/www.xn--bienhsli-3za5va.ch\/index.php?rest_route=\/wp\/v2\/pages\/43\/revisions\/325"}],"wp:attachment":[{"href":"https:\/\/www.xn--bienhsli-3za5va.ch\/index.php?rest_route=%2Fwp%2Fv2%2Fmedia&parent=43"}],"curies":[{"name":"wp","href":"https:\/\/api.w.org\/{rel}","templated":true}]}}