{"id":189,"date":"2018-07-08T11:36:28","date_gmt":"2018-07-08T11:36:28","guid":{"rendered":"https:\/\/www.xn--bienhsli-3za5va.ch\/?post_type=product&#038;p=189"},"modified":"2021-06-20T08:40:25","modified_gmt":"2021-06-20T08:40:25","slug":"personalisierter-honigglasdeckel-250g","status":"publish","type":"product","link":"https:\/\/www.xn--bienhsli-3za5va.ch\/?product=personalisierter-honigglasdeckel-250g","title":{"rendered":"Personalisierter Honigglasdeckel (250g)"},"content":{"rendered":"<p>Passend zu den 250g Honiggl\u00e4sern k\u00f6nnen personalisierte Deckel bestellt werden. Diese k\u00f6nnen entweder gem\u00e4ss vorgedruckten Texten oder auch gem\u00e4ss eigenen W\u00fcnschen beschriftet werden (Textumfang begrenzt)<\/p>\n<p>Zuz\u00fcglich Versandkosten Fr. 7.00 bei Lieferungen \u00fcber 10km.<\/p>\n<p>Bitte eigenen Wunschtext als Bestellnotiz im Bestellvorgang vermerken.<\/p>\n","protected":false},"excerpt":{"rendered":"<p>Passend zu den 250g Honiggl\u00e4sern k\u00f6nnen personalisierte Deckel bestellt werden. Diese k\u00f6nnen entweder gem\u00e4ss vorgedruckten Texten oder auch gem\u00e4ss eigenen W\u00fcnschen beschriftet werden (Textumfang begrenzt) Zuz\u00fcglich Versandkosten Fr. 7.00 bei Lieferungen \u00fcber 10km. Bitte eigenen Wunschtext als Bestellnotiz im Bestellvorgang vermerken.<\/p>\n","protected":false},"featured_media":190,"template":"","meta":[],"product_cat":[16],"product_tag":[],"class_list":{"0":"post-189","1":"product","2":"type-product","3":"status-publish","4":"has-post-thumbnail","6":"product_cat-honigprodukte","7":"with-featured-image","9":"first","10":"instock","11":"shipping-taxable","12":"purchasable","13":"product-type-simple"},"_links":{"self":[{"href":"https:\/\/www.xn--bienhsli-3za5va.ch\/index.php?rest_route=\/wp\/v2\/product\/189","targetHints":{"allow":["GET"]}}],"collection":[{"href":"https:\/\/www.xn--bienhsli-3za5va.ch\/index.php?rest_route=\/wp\/v2\/product"}],"about":[{"href":"https:\/\/www.xn--bienhsli-3za5va.ch\/index.php?rest_route=\/wp\/v2\/types\/product"}],"wp:featuredmedia":[{"embeddable":true,"href":"https:\/\/www.xn--bienhsli-3za5va.ch\/index.php?rest_route=\/wp\/v2\/media\/190"}],"wp:attachment":[{"href":"https:\/\/www.xn--bienhsli-3za5va.ch\/index.php?rest_route=%2Fwp%2Fv2%2Fmedia&parent=189"}],"wp:term":[{"taxonomy":"product_cat","embeddable":true,"href":"https:\/\/www.xn--bienhsli-3za5va.ch\/index.php?rest_route=%2Fwp%2Fv2%2Fproduct_cat&post=189"},{"taxonomy":"product_tag","embeddable":true,"href":"https:\/\/www.xn--bienhsli-3za5va.ch\/index.php?rest_route=%2Fwp%2Fv2%2Fproduct_tag&post=189"}],"curies":[{"name":"wp","href":"https:\/\/api.w.org\/{rel}","templated":true}]}}